132. Give w(698).
-6
Let y(m) = m**3 - 66*m**2 + 3452*m - 66861. Determine y(28).
3
Let c(w) = 3*w**3 + 95*w**2 + 237*w - 812. Give c(-5).
3
Let k(b) = -35*b**3 + 21034*b**2 + 608*b - 4213. Calculate k(601).
-6
Let d(q) = 2*q**3 + 43*q**2 + 202*q - 105. What is d(-14)?
7
Let j(a) = 7*a**3 + 102*a**2 + 367*a - 15. Calculate j(-4).
-299
Let d(s) = -s**3 - 139*s**2 + 17223*s + 1634. What is d(-218)?
1416
Let c(u) = -u**3 + 107*u**2 - 1121*u - 9511. Calculate c(94).
-17
Let c(q) = 28*q - 253. Give c(16).
195
Let d(q) = -6*q**3 - 107*q**2 - 435*q - 190. What is d(-12)?
-10
Let x(f) = f**3 + 69*f**2 - 755*f - 82028. Give x(-57).
-5
Let z(f) = -7*f**3 + 210*f**2 - 20*f + 607. Determine z(30).
7
Let i(o) = -7*o**2 - 523*o - 4490. What is i(-65)?
-70
Let t(p) = -7*p**2 - 288*p - 1129. Give t(-4).
-89
Let t(y) = -6*y**2 + 120*y + 204. Determine t(-7).
-930
Let b(f) = f**3 - 10*f**2 - 411*f + 2622. Give b(6).
12
Let m(i) = 4*i**2 - 140*i + 1044. Determine m(15).
-156
Let w(q) = -365615*q + 731227. Calculate w(2).
-3
Let w(u) = u**2 + 2093*u + 672010. What is w(-396)?
-2
Let l(q) = -22*q**2 + 4557*q - 18099. Calculate l(4).
-223
Let n(q) = -q**3 - 23*q**2 - 25*q + 10. What is n(-3)?
-95
Let g(o) = 17*o**2 + 46*o - 319. Calculate g(8).
1137
Let d(u) = 3*u**2 - 264*u + 1815. Determine d(79).
-318
Let q(c) = c**2 - 23*c + 227. What is q(28)?
367
Let a(j) = -j**3 - 563*j**2 + 1129*j - 568. Give a(-565).
-3
Let v(m) = -3*m**2 + 8159*m - 3230390. Give v(481).
6
Let c(r) = -3749*r - 101208. Calculate c(-27).
15
Let f(i) = -1898*i - 18796. What is f(-11)?
2082
Let b(f) = 518*f + 6508. Determine b(-14).
-744
Let s(o) = -o**3 - 43*o**2 + 1512*o + 588. Give s(-65).
-4742
Let u(w) = -50283*w - 201082. Calculate u(-4).
50
Let n(y) = -y**3 + 250*y**2 + 6775*y + 4766. What is n(-24)?
-10
Let b(c) = -9703*c - 271673. What is b(-28)?
11
Let j(g) = -g**2 + 99*g - 2710. What is j(41)?
-332
Let b(l) = 44*l**2 - 69*l + 68. Determine b(1).
43
Let t(j) = 10*j**2 - 617*j - 14. Give t(62).
172
Let s(b) = b**3 + 2*b**2 + 40*b + 57. Calculate s(-7).
-468
Let a(d) = 2*d**2 + 110*d + 1524. Determine a(-17).
232
Let k(f) = -5*f**2 + 253*f + 2872. Give k(-12).
-884
Let l(h) = -3*h**3 - 19*h**2 + 901*h + 7664. Calculate l(-15).
-1
Let h(o) = 716*o + 15461. Calculate h(-23).
-1007
Let t(h) = -8*h**3 + 407*h**2 - 3273*h - 1. Calculate t(10).
-31
Let j(w) = -1546*w + 7739. Give j(5).
9
Let v(g) = -8056*g + 88606. Calculate v(11).
-10
Let g(j) = -7*j**2 + 687*j - 75. What is g(98)?
23
Let j(u) = 2*u**3 - u**2 + 3192*u - 12779. Give j(4).
101
Let v(z) = -18671*z - 93041. Determine v(-5).
314
Let m(r) = -r**2 + 2128*r - 40105. Calculate m(19).
-34
Let y(r) = 1749*r + 13980. What is y(-8)?
-12
Let d(m) = m**3 + 75*m**2 - 1332*m - 90667. What is d(-77)?
39
Let d(u) = -2095*u**2 - 198*u + 200. Give d(1).
-2093
Let h(u) = -36*u**2 + 27*u + 184. Give h(3).
-59
Let b(u) = 174*u**2 - 3968*u - 22. Give b(23).
760
Let j(o) = -107*o**2 + 94*o + 16. What is j(1)?
3
Let b(r) = r**3 + 14*r**2 - 1055*r - 10530. Determine b(-10).
420
Let l(q) = 14*q**2 - 302*q - 2369. Determine l(-6).
-53
Let t(z) = 1320*z**2 - 17157*z + 6. What is t(13)?
45
Let w(f) = 3549*f + 49625. Determine w(-14).
-61
Let f(r) = 3720*r - 11187. Calculate f(3).
-27
Let n(u) = 53*u**3 - 7*u**2 + 10*u + 16. Determine n(2).
432
Let p(s) = 65*s + 863. Give p(-19).
-372
Let v(x) = x**3 - 497*x**2 + 1159*x + 159573. Calculate v(494).
11
Let s(w) = -w**2 + 37*w + 1272. What is s(-21)?
54
Let s(a) = -2588*a + 742563. Give s(287).
-193
Let b(g) = -246*g**2 - 164*g - 312. What is b(-2)?
-968
Let s(b) = 2*b**3 + 24*b**2 - 473*b - 5449. Determine s(-11).
-4
Let y(l) = 5*l**2 + 1533*l - 231745. Determine y(111).
23
Let i(j) = 53*j**2 + 12*j + 12. Give i(-1).
53
Let q(k) = -4*k**3 - 103*k**2 + 104*k - 33. Determine q(-27).
804
Let b(j) = 2*j**3 + 27*j**2 - 101*j - 85. What is b(8)?
1859
Let o(u) = 10*u**3 - 8*u**2 + 38*u - 68. Calculate o(3).
244
Let l(p) = -p**3 + 60*p**2 - 864*p + 575. Give l(37).
94
Let i(p) = -1658*p - 26454. Give i(-16).
74
Let x(m) = 22*m**2 + 145*m + 1236. What is x(-8)?
1484
Let p(z) = 854972*z + 11969599. Give p(-14).
-9
Let f(a) = 324*a**2 + 1346*a + 357. Calculate f(-4).
157
Let x(f) = -83*f**3 + 5*f**2 + 4*f - 31. Determine x(2).
-667
Let q(s) = -s**3 - 64*s**2 - 794*s + 1576. Give q(-46).
12
Let h(u) = 44025*u - 176093. Give h(4).
7
Let s(j) = -4*j**2 + 116*j + 23869. Determine s(93).
61
Let w(b) = 9*b**2 + 3521*b - 14135. What is w(4)?
93
Let h(x) = -57*x**2 + 103*x - 2. Give h(1).
44
Let c(k) = -7728*k - 270488. Give c(-35).
-8
Let n(m) = 101*m**2 - 20649*m - 61947. What is n(-3)?
909
Let b(z) = -86*z - 2941. Determine b(-35).
69
Let n(z) = -z**3 - 28*z**2 - 116*z - 948. Determine n(-26).
716
Let v(t) = t**3 - 240*t**2 - 221*t - 4739. Determine v(241).
81
Let f(m) = -14046*m - 84285. Calculate f(-6).
-9
Let v(y) = -y**2 + 182*y - 6456. What is v(134)?
-24
Let y(f) = 54*f**2 + 3997*f + 314. Calculate y(-74).
240
Let k(b) = 2*b**2 + 95*b - 940. Give k(7).
-177
Let m(o) = 8*o**3 + 832*o**2 - 21*o - 2200. Calculate m(-104).
-16
Let j(h) = h**3 - 156*h**2 + 458*h - 648. Calculate j(153).
-801
Let s(k) = -540*k - 1342. Determine s(-4).
818
Let r(l) = 1153*l + 56353. Determine r(-49).
-144
Let y(u) = 9*u**3 + 3*u**2 + 34*u + 60. Determine y(0).
60
Let w(b) = -b**2 - 29813*b - 387377. What is w(-13)?
23
Let h(f) = -6162*f + 258849. Calculate h(42).
45
Let o(r) = -13*r**2 + 27486*r + 1949413. Give o(2183).
-6
Let m(x) = 357*x - 7408. Calculate m(14).
-2410
Let x(a) = 3554*a + 274. What is x(-1)?
-3280
Let o(h) = -h**2 + 34*h - 186. Determine o(32).
-122
Let i(t) = -11*t**3 + 7*t**2 - 154*t + 297. Determine i(2).
-71
Let v(p) = 1976*p - 51360. Give v(26).
16
Let i(h) = 155*h**2 - 1773*h + 736. Calculate i(11).
-12
Let n(u) = -u**3 + 10*u**2 + 54*u - 343. Determine n(16).
-1015
Let r(m) = -128101*m + 1409106. What is r(11)?
-5
Let m(j) = 3057*j**2 + 666428*j + 437. What is m(-218)?
1
Let s(c) = -95*c**2 + 31*c + 50. What is s(-4)?
-1594
Let y(m) = -m**3 - 130*m**2 - 973*m + 13. Give y(-8).
-11
Let c(r) = r**3 + 533*r**2 - 1438*r - 482673. Give c(-534).
63
Let a(n) = 488*n + 7833. Determine a(-21).
-2415
Let s(q) = 41974*q - 4701087. Give s(112).
1
Let l(r) = -r**2 - 373*r + 8982. What is l(23)?
-126
Let k(y) = y**2 - 595*y + 16944. Calculate k(30).
-6
Let u(x) = 976*x - 15844. Determine u(16).
-228
Let r(k) = 1080*k - 12505. Calculate r(13).
1535
Let b(o) = -o**3 - 1472*o**2 + 5872*o + 130. Calculate b(4).
2
Let j(r) = r**3 + 32*r**2 - 283*r + 71. Determine j(7).
1
Let h(o) = o**3 + 1183*o**2 + 273971*o - 354. Calculate h(-316).
-38
Let t(u) = 2*u**3 + 70*u**2 + 139*u + 178. What is t(-33)?
-53
Let w(v) = -v**3 + 99*v**2 - 1575*v - 298. Calculate w(79).
97
Let i(w) = 670*w**2 + 716903*w + 3209. What is i(-1070)?
-1
Let b(r) = 51656*r + 53. What is b(0)?
53
Let j(f) = 23*f**3 - 2209*f**2 + 73*f + 2323. Determine j(96).
115
Let n(p) = -5*p**2 - 75*p + 14080. What is n(46)?
50
Let a(h) = -2*h**3 - 24*h**2 + 546*h + 1354. What is a(13)?
2
Let a(i) = -664*i + 3777. Determine a(6).
-207
Let l(q) = -234213*q - 1171533. Calculate l(-5).
-468
Let h(c) = -146*c**2 - 17438*c - 24787. What is h(-118)?
-7
Let t(v) = -5*v**3 + 448*v**2 - 264*v - 114. Determine t(89).
153
Let h(j) = 13*j**3 + 2*j**2 + 249*j + 496. Calculate h(-2).
-98
Let q(w) = w**2 - 4533*w + 27164. Determine q(6).
2
Let p(n) = 131*n**2 + 38776*n + 1009. Determine p(-296).
1009
Let r(z) = 1469*z + 6082. Determine r(-4).
206
Let f(w) = -2*w**2 - 10677*w + 117682. Give f(11).
-7
Let h(t) = t**3 + 47*t**2 - 229*t + 1472. Calculate h(-52).
-140
Let b(a) = 379*a + 4632. Determine b(-10).
842
Let s(k) = -47*k - 2258. Determine s(-53).
233
Let p(t) = t**2 + 597*t + 9180. Give p(-16).
-116
Let t(a) = -2822*a + 50794. Give t(18).
-2
Let p(i) = -i**3 - 17*i**2 - 92*i - 9. Determine p(-13).
511
Let u(g) = -14*g**3 - 31*g**2 - 49*g - 96. Give u(-2).
-10
Let t(y) = -748187*y - 4489120. What is t(-6)?
2
Let w(t) = 4*t**2 + 387*t + 9221. What is w(-43)?
-24
Let h(s) = 53957*s + 1133084. Determine h(-21).
-13
Let w(s) = -135*s**2 + 12*s + 146. Give w(4).
-1966
Let w(n) = 11*n**2 - 1147*n - 760. Give w(105).
80
Let z(j) = 10*j**3 - j**2 - 81*j + 360. What is z(5)?
1180
Let p(b) = -7080*b